se
Is 4346699 a composite number?
True
Is 22589858 a prime number?
False
Is 6836969 prime?
True
Is 6847081 composite?
False
Is 66964903 a prime number?
False
Is 14589181 a prime number?
True
Is 2984561 composite?
False
Is 6944387 prime?
True
Is 155921 a composite number?
False
Is 85465981 composite?
False
Is 1450013 a prime number?
False
Is 45000199 composite?
True
Is 90499987 a composite number?
False
Is 5909957 composite?
False
Is 2825786 a composite number?
True
Is 561067621 a prime number?
True
Is 11159221 a composite number?
False
Is 4467257 a composite number?
False
Is 115359859 a composite number?
False
Is 109936979 prime?
False
Is 5087489 a prime number?
False
Is 341867453 composite?
True
Is 38893891 prime?
False
Is 204651971 a prime number?
True
Is 693491 a composite number?
True
Is 181011 a prime number?
False
Is 142070537 a prime number?
False
Is 6317429 a prime number?
True
Is 3754831 prime?
False
Is 128529143 a composite number?
False
Is 114757637 a composite number?
True
Is 841403 a prime number?
False
Is 83101391 prime?
True
Is 38454791 a composite number?
False
Is 1314659 composite?
False
Is 1636771 a prime number?
False
Is 11361281 composite?
True
Is 2563811 a composite number?
False
Is 89208206 a prime number?
False
Is 3012041 prime?
True
Is 66580847 a composite number?
True
Is 78619 prime?
False
Is 89371511 prime?
True
Is 35162173 prime?
False
Is 42179801 prime?
True
Is 1360507 a composite number?
False
Is 20856857 a composite number?
True
Is 5465591 a composite number?
False
Is 3137747 a composite number?
False
Is 121475051 a prime number?
True
Is 379382467 a prime number?
True
Is 134344843 prime?
True
Is 22944793 composite?
False
Is 76749559 prime?
True
Is 492943663 composite?
False
Is 2124589 a composite number?
False
Is 152267 a composite number?
False
Is 1315481 a prime number?
True
Is 19027681 a prime number?
False
Is 4483291 prime?
False
Is 186079693 composite?
True
Is 512779 a prime number?
True
Is 756443 a prime number?
True
Is 1075099 a composite number?
True
Is 2461273 prime?
False
Is 170923853 a prime number?
True
Is 81345521 a composite number?
False
Is 47447293 prime?
True
Is 991646039 prime?
False
Is 1693171 a prime number?
True
Is 181633953 prime?
False
Is 55555001 prime?
True
Is 3760411 a composite number?
False
Is 31392619 prime?
True
Is 206963909 prime?
True
Is 49665793 prime?
False
Is 37827103 composite?
False
Is 120086033 a prime number?
False
Is 8050909 a prime number?
False
Is 128899861 a composite number?
True
Is 7498527 a prime number?
False
Is 77461351 composite?
True
Is 244374863 a composite number?
True
Is 254369 a prime number?
True
Is 2777441 composite?
False
Is 182492371 a composite number?
True
Is 7449173 prime?
False
Is 3493703 a prime number?
True
Is 484843 a composite number?
True
Is 51907537 a prime number?
False
Is 45039 a composite number?
True
Is 18393643 prime?
False
Is 464653691 a composite number?
True
Is 75616439 composite?
False
Is 546167879 a composite number?
False
Is 4653797 a prime number?
False
Is 14532019 prime?
True
Is 79654427 prime?
True
Is 25211419 a composite number?
False
Is 191018981 a composite number?
False
Is 11615882 prime?
False
Is 1402301 a composite number?
False
Is 3948071 a prime number?
True
Is 13441165 composite?
True
Is 185641091 composite?
False
Is 157812497 prime?
False
Is 52214759 a prime number?
True
Is 2880349 a composite number?
True
Is 18302737 prime?
False
Is 92947397 a prime number?
True
Is 5682011 a composite number?
False
Is 1935239 a composite number?
False
Is 32528261 composite?
False
Is 1377269 composite?
False
Is 317709149 composite?
False
Is 34789187 composite?
True
Is 47709749 a composite number?
True
Is 21346069 composite?
False
Is 5083861 a prime number?
False
Is 3528191 composite?
False
Is 76207 prime?
True
Is 989671 a prime number?
True
Is 782326951 a prime number?
False
Is 2213227 prime?
False
Is 8801889 a prime number?
False
Is 2528971 a prime number?
False
Is 30592079 a composite number?
True
Is 823553 composite?
False
Is 251277267 prime?
False
Is 6283039 a composite number?
True
Is 9722059 composite?
True
Is 7826627 a prime number?
True
Is 47287763 prime?
False
Is 30081589 a composite number?
False
Is 34789759 composite?
True
Is 65491111 prime?
False
Is 8467049 composite?
False
Is 16840579 a composite number?
True
Is 7418407 composite?
True
Is 32034319 a composite number?
False
Is 3467161 composite?
False
Is 79672709 a prime number?
True
Is 39097 prime?
True
Is 7795519 prime?
False
Is 6796819 a prime number?
True
Is 5325227 a prime number?
False
Is 40579249 a composite number?
False
Is 3998509 a composite number?
True
Is 108862807 a prime number?
True
Is 20349773 a composite number?
False
Is 2869033 a prime number?
True
Is 63613129 a prime number?
False
Is 4235683 composite?
False
Is 1602451 a prime number?
True
Is 36810587 prime?
False
Is 1836167 a prime number?
False
Is 3110399 composite?
False
Is 11784631 prime?
True
Is 18201881 prime?
True
Is 665263373 a composite number?
False
Is 143445223 composite?
True
Is 13953521 composite?
False
Is 141346399 composite?
False
Is 17984809 a composite number?
False
Is 165723887 a composite number?
True
Is 925345437 prime?
False
Is 97193849 a prime number?
True
Is 2158967 a prime number?
False
Is 490526957 composite?
True
Is 20567723 prime?
False
Is 10978727 a prime number?
False
Is 57503 a prime number?
True
Is 13407791 a composite number?
False
Is 19939867 prime?
False
Is 40581097 composite?
False
Is 38403401 composite?
True
Is 2698039 prime?
False
Is 24545821 prime?
False
Is 3589247 a prime number?
True
Is 19342731 prime?
False
Is 1948789 composite?
False
Is 63026581 a prime number?
True
Is 46618577 prime?
False
Is 158915423 prime?
True
Is 638331 a composite number?
True
Is 76607299 a prime number?
False
Is 6848893 prime?
False
Is 2359221 a prime number?
False
Is 37249607 a prime number?
False
Is 15759851 composite?
True
Is 100914109 composite?
False
Is 97264417 a prime number?
False
Is 4119433 composite?
True
Is 1816729 a prime number?
True
Is 177159233 prime?
False
Is 17780267 prime?
False
Is 174702287 a prime number?
True
Is 673197754 a composite number?
True
Is 6750001 a prime number?
True
Is 92686263 prime?
False
Is 48672719 composite?
False
Is 1329019 composite?
True
Is 2843207 a composite number?
False
Is 128121557 a composite number?
False
Is 2624353 composite?
False
Is 327979 prime?
True
Is 10944509 a prime number?
True
Is 89856401 prime?
True
Is 1848151 composite?
False
Is 163222783 prime?
False
Is 13861853 composite?
False
Is 1789899 composite?
True
Is 307759 a composite number?
False
Is 85018 composite?
True
Is 5938579 prime?
False
Is 1549307 a prime number?
False
Is 3312139 prime?
True
Is 81509 a prime number?
True
Is 1534019 a composite number?
False
Is 104975263 composite?
False
Is 6256277 a prime number?
True
Is 9342311 composite?
True
Is 6974527 prime?
False
Is 8401322 composite?
True
Is 3005671 composite?
False
Is 3423403 a composite number?
False
Is 249181 composite?
False
Is 283438 prime?
False
Is 14648827 composite?
False
Is 1307591 a composite number?
False
Is 1789023 prime?
False
Is 1240333 prime?
True
Is 20149799 a prime number?
True
Is 424481 prime?
True
Is 79503601 a composite number?
False
Is 212315861 composite?
True
Is 6167849 a prime number?
True
Is 326073673 a composite number?
False
Is 858203 prime?
False
Is 123031 a composite number?
False
Is 73672037 a prime number?
False
Is 1959871 a composite number?
True
Is 122475817 a prime number?
False
Is 176777 prime?
True
Is 855163 prime?
False
Is 7374638 composite?
True
Is 187181 prime?
True
Is 8753947 prime?
True
Is 3658493 prime?
True
Is 988253 prime?
False
Is 23407417 prime?
False
Is 3229271 a composite number?
False
Is 3576659 a composite number?
True
Is 34359949 prime?
False
Is 14095979 prime?
False
Is 69779537 a composite number?
True
Is 1094011 prime?
True
Is 30647267 composite?
True
Is 281221 composite?
True
Is 7196803 a composite number?
False
Is 393181 prime?
True
Is 10415833 prime?
False
Is 2028017 prime?
True
Is 94867441 a composite number?
False
Is 115517089 a prime number?
False
Is 172652047 prime?
False
Is 101324747 composite?
False
Is 213034793 composite?
False
Is 21752459 a prime number?
False